2103540
In base 12, what is 45 + 26592?
26617
In base 10, what is 106 + 274?
380
In base 7, what is 45030 + 2?
45032
In base 3, what is -20202 - 1111112100?
-1111210002
In base 11, what is -8000 + 10?
-7aa0
In base 14, what is d235c + 4?
d2362
In base 7, what is 124433 + -1?
124432
In base 14, what is 3891d - 2?
3891b
In base 7, what is -1 + 6610634?
6610633
In base 13, what is -18 + 3c346?
3c32b
In base 10, what is -257320 + 2?
-257318
In base 7, what is -41610 - 13?
-41623
In base 16, what is 801ec + -3?
801e9
In base 11, what is 36a6 - 413?
3293
In base 15, what is -35cb + -3?
-35ce
In base 12, what is 2 - -3858?
385a
In base 5, what is -103444 + -4?
-104003
In base 6, what is -5 + 152252?
152243
In base 16, what is 198 + -14?
184
In base 2, what is 111 - 10011001101010001?
-10011001101001010
In base 10, what is 112270 - 14?
112256
In base 5, what is 231444 + 1212?
233211
In base 8, what is 1 - 1765342?
-1765341
In base 4, what is -3103 - 1132?
-10301
In base 2, what is -1001011010011000 - -100?
-1001011010010100
In base 7, what is -4 - 1000221?
-1000225
In base 13, what is -2290 + -8?
-2298
In base 12, what is -779 - 5b?
-818
In base 14, what is 4441 + 8?
4449
In base 11, what is 76 - 142a6?
-14230
In base 14, what is -a + -2664?
-2670
In base 9, what is 2 - 447154?
-447152
In base 12, what is -32 - 2605?
-2637
In base 11, what is 896326 - 3?
896323
In base 5, what is -24 - -32030?
32001
In base 12, what is 1127 - -a?
1135
In base 12, what is a18 - -9?
a25
In base 2, what is 10010000 - -110110011?
1001000011
In base 12, what is -22044a - -4?
-220446
In base 11, what is 5 - 106a44?
-106a3a
In base 3, what is -2111 - 122002?
-201120
In base 4, what is 1 - -1213133?
1213200
In base 5, what is -10414312 + -23?
-10414340
In base 5, what is -4214 + 1000?
-3214
In base 5, what is 4 - 110342121?
-110342112
In base 16, what is e5e + -7?
e57
In base 3, what is 12220110121 + -20?
12220110101
In base 10, what is 335 - -666?
1001
In base 7, what is -3 - -13550126?
13550123
In base 9, what is -1474 - 2616?
-4201
In base 5, what is 10 + -42043?
-42033
In base 5, what is -20240 - 1114?
-21404
In base 11, what is -a59 - -18?
-a41
In base 8, what is -4720 - 46?
-4766
In base 13, what is 225a - 34?
2226
In base 13, what is -3 + -4153a?
-41540
In base 3, what is 1 + -20122202001?
-20122202000
In base 8, what is -114060 + 0?
-114060
In base 3, what is 200210202 - 0?
200210202
In base 7, what is 316 - -3626?
4245
In base 14, what is -9 + 1c77?
1c6c
In base 14, what is -bc6 + a?
-bba
In base 11, what is 182a51 - 3?
182a49
In base 16, what is 2 + -6d6?
-6d4
In base 14, what is 1 + 22c96?
22c97
In base 14, what is 0 + -5881?
-5881
In base 11, what is -3273 - 16?
-3289
In base 3, what is -1 - 22001121?
-22001122
In base 12, what is 4 + -338b?
-3387
In base 14, what is -c6808 - -4?
-c6804
In base 8, what is 12774 + 2?
12776
In base 5, what is -3200 + 444?
-2201
In base 14, what is -4b2 - 24?
-4d6
In base 14, what is 4 - -1dac?
1db2
In base 3, what is -200210 - -100002?
-100201
In base 10, what is 4382 - -26?
4408
In base 14, what is 1312 - -2a4?
15b6
In base 3, what is 201 - 1210021220?
-1210021012
In base 5, what is -43 - 13043?
-13141
In base 8, what is -4 + 14565?
14561
In base 6, what is -1041122 - 101?
-1041223
In base 10, what is -2 - -37365?
37363
In base 9, what is 625 - -81?
716
In base 9, what is -5 + 783?
777
In base 8, what is 2 + -736460?
-736456
In base 9, what is 0 - 564760?
-564760
In base 3, what is -221111 + 10102?
-211002
In base 8, what is 2546 + 142?
2710
In base 6, what is -312213 + -3?
-312220
In base 10, what is -40 + 1683?
1643
In base 16, what is 79 - -b6?
12f
In base 2, what is 11 + -1010010000111100?
-1010010000111001
In base 14, what is 56b - -38?
5a5
In base 6, what is 10 - -3523?
3533
In base 9, what is -1 - -437582?
437581
In base 16, what is 340c - 2c?
33e0
In base 4, what is 22231 + -111?
22120
In base 4, what is 30113 - 12?
30101
In base 4, what is 20301 + 20310?
101211
In base 3, what is -110011022201 + -1?
-110011022202
In base 15, what is 23d - -18e8?
1b36
In base 3, what is 21121210100 + 1?
21121210101
In base 10, what is -1626043 + 4?
-1626039
In base 14, what is -8638 - -4?
-8634
In base 12, what is 4 + -b9b5?
-b9b1
In base 9, what is -183 - 43136?
-43330
In base 7, what is -5624623 - 4?
-5624630
In base 7, what is 10 - -65052?
65062
In base 2, what is -11 + -111010001100010111?
-111010001100011010
In base 15, what is 10 - -21b?
22b
In base 6, what is 0 - 131134?
-131134
In base 6, what is 14 + 22455?
22513
In base 10, what is 373839 + 3?
373842
In base 3, what is -110 - -112220?
112110
In base 13, what is a + 1631?
163b
In base 4, what is -1312 - 1303?
-3221
In base 13, what is 4 + -35c1?
-35ba
In base 16, what is 42a3 + -9?
429a
In base 11, what is -3 + 84289?
84286
In base 15, what is -1 - -c8253?
c8252
In base 7, what is 32256 - 15?
32241
In base 4, what is -133223 + 32322?
-100301
In base 6, what is -1031 - 22254?
-23325
In base 16, what is 3e90 + 6?
3e96
In base 12, what is 2 - 211a?
-2118
In base 4, what is 31301 + 3220?
101121
In base 12, what is a5360 - 3?
a5359
In base 11, what is 2 - -4408a?
44091
In base 4, what is -2223311 - 122?
-2230033
In base 15, what is 2bc99a - 3?
2bc997
In base 16, what is 4b040 + -1?
4b03f
In base 3, what is 2021 - -201?
2222
In base 16, what is 2 + -32825?
-32823
In base 7, what is -3246 + 52?
-3164
In base 9, what is -34 - 1374?
-1418
In base 8, what is -1230 - 4400?
-5630
In base 7, what is -3553531 + 2?
-3553526
In base 4, what is 11 + 2010330103?
2010330120
In base 7, what is -3 + -111644?
-111650
In base 10, what is -587 + -35?
-622
In base 8, what is -36 - -602?
544
In base 9, what is 13566 + -31?
13535
In base 12, what is -13 - -3a65a?
3a647
In base 8, what is -4451 - -4?
-4445
In base 12, what is 1a3927 - -2?
1a3929
In base 14, what is -63 - -13b7?
1354
In base 6, what is 1001 - -25?
1030
In base 6, what is -20515 + 101?
-20414
In base 7, what is -5 - -3265?
3260
In base 3, what is -211202221111 - 11?
-211202221122
In base 8, what is 3 + 717414?
717417
In base 12, what is 6 - -4a46?
4a50
In base 10, what is -20834 - -1?
-20833
In base 7, what is -31314 + -230?
-31544
In base 6, what is 412205 - -4?
412213
In base 3, what is 1120 - 211001122?
-211000002
In base 3, what is 112 - -21121101?
21121220
In base 13, what is bbb2 - -5?
bbb7
In base 16, what is -601c + 9?
-6013
In base 5, what is -3230012432 - -2?
-3230012430
In base 15, what is 60d4d - -a?
60d58
In base 12, what is 496 - -18?
4b2
In base 2, what is -11100001110 + -100?
-11100010010
In base 12, what is 814942 - -3?
814945
In base 6, what is -5 + -10352045?
-10352054
In base 15, what is 17b + -86?
e5
In base 9, what is -4 + -85148?
-85153
In base 8, what is 12 + 4?
16
In base 2, what is 1010 - 101110100100101?
-101110100011011
In base 8, what is -25101 + 4?
-25075
In base 10, what is -4 + 5905?
5901
In base 4, what is -21123033320 + 11?
-21123033303
In base 5, what is -11 - 4111?
-4122
In base 5, what is 141 - 42331?
-42140
In base 10, what is 4739 + -3?
4736
In base 6, what is -5 - -13233305?
13233300
In base 15, what is -105 - 4?
-109
In base 9, what is 155231 - 4?
155226
In base 3, what is 10212 + -1011211?
-1000222
In base 5, what is -10 - 1023200?
-1023210
In base 14, what is 3 - 1323a9?
-1323a6
In base 11, what is -20 - 2049?
-2069
In base 3, what is -10212101101211 - -1?
-10212101101210
In base 8, what is -1162 + 1612?
430
In base 3, what is -1 - -22211101001?
22211101000
In base 16, what is -1652 - -4?
-164e
In base 9, what is -128 + -25757?
-25886
In base 6, what is 1204 + 123?
1331
In base 15, what is -4946 - -18?
-492d
In base 16, what is -9a + d0?
36
In base 13, what is 31a6 + -11c?
3087
In base 11, what is -201458 + 2?
-201456
In base 13, what is -2ca06 + -3?
-2ca09
In base 15, what is 5118 + 89?
51a2
In base 16, what is -7ab3 - -5?
-7aae
In base 7, what is 146653 - -101?
150054
In base 6, what is 12501 + 3110?
20011
In base 3, what is 10 - 202122101?
-202122021
In base 8, what is -47 + 3066?
3017
In base 4, what is -3 - 30122?
-30131
In base 16, what is 0 + 2da05?
2da05
In base 2, what is -11 - 110111110010?
-110111110101
In base 9, what is 35 - -26522?
26557
In base 6, what is 2301 - -5504?
12205
In base